{"id":64,"date":"2021-09-08T15:36:16","date_gmt":"2021-09-08T18:36:16","guid":{"rendered":"https:\/\/cbhcvsm.meioambiente.go.gov.br\/?page_id=64"},"modified":"2023-01-31T16:12:17","modified_gmt":"2023-01-31T19:12:17","slug":"alocacao-negociada","status":"publish","type":"page","link":"https:\/\/cbhcvsm.meioambiente.go.gov.br\/?page_id=64","title":{"rendered":"Aloca\u00e7\u00e3o negociada"},"content":{"rendered":"\n<p class=\"has-medium-font-size\">A aloca\u00e7\u00e3o deve considerar os aspectos quantitativos, qualitativos, o uso racional e a distribui\u00e7\u00e3o temporal e espacial da \u00e1gua. Para isso, devem ser avaliadas quest\u00f5es t\u00e9cnicas relacionadas \u00e0 hidrologia, hidr\u00e1ulica e qualidade da \u00e1gua, quest\u00f5es legais tratando de compet\u00eancias, direitos e responsabilidades dos usu\u00e1rios, bem como quest\u00f5es pol\u00edticas referentes a acordos entre setores usu\u00e1rios e governos para o desenvolvimento sustent\u00e1vel da bacia e a articula\u00e7\u00e3o institucional (CARDOSO DA SILVA; MONTEIRO,\u00a02004).<\/p>\n\n\n\n<div style=\"height:86px\" aria-hidden=\"true\" class=\"wp-block-spacer\"><\/div>\n","protected":false},"excerpt":{"rendered":"<p>A aloca\u00e7\u00e3o deve considerar os aspectos quantitativos, qualitativos, o uso racional e a distribui\u00e7\u00e3o temporal e espacial da \u00e1gua. Para isso, devem ser avaliadas quest\u00f5es t\u00e9cnicas relacionadas \u00e0 hidrologia, hidr\u00e1ulica e qualidade da \u00e1gua, quest\u00f5es legais tratando de compet\u00eancias, direitos e responsabilidades dos usu\u00e1rios, bem como quest\u00f5es pol\u00edticas referentes a acordos entre setores usu\u00e1rios e [&hellip;]<\/p>\n","protected":false},"author":2,"featured_media":0,"parent":0,"menu_order":0,"comment_status":"closed","ping_status":"closed","template":"general-template.php","meta":{"footnotes":""},"class_list":["post-64","page","type-page","status-publish","hentry"],"featured_image_src":null,"featured_image_src_square":null,"jetpack_sharing_enabled":true,"_links":{"self":[{"href":"https:\/\/cbhcvsm.meioambiente.go.gov.br\/index.php?rest_route=\/wp\/v2\/pages\/64","targetHints":{"allow":["GET"]}}],"collection":[{"href":"https:\/\/cbhcvsm.meioambiente.go.gov.br\/index.php?rest_route=\/wp\/v2\/pages"}],"about":[{"href":"https:\/\/cbhcvsm.meioambiente.go.gov.br\/index.php?rest_route=\/wp\/v2\/types\/page"}],"author":[{"embeddable":true,"href":"https:\/\/cbhcvsm.meioambiente.go.gov.br\/index.php?rest_route=\/wp\/v2\/users\/2"}],"replies":[{"embeddable":true,"href":"https:\/\/cbhcvsm.meioambiente.go.gov.br\/index.php?rest_route=%2Fwp%2Fv2%2Fcomments&post=64"}],"version-history":[{"count":5,"href":"https:\/\/cbhcvsm.meioambiente.go.gov.br\/index.php?rest_route=\/wp\/v2\/pages\/64\/revisions"}],"predecessor-version":[{"id":572,"href":"https:\/\/cbhcvsm.meioambiente.go.gov.br\/index.php?rest_route=\/wp\/v2\/pages\/64\/revisions\/572"}],"wp:attachment":[{"href":"https:\/\/cbhcvsm.meioambiente.go.gov.br\/index.php?rest_route=%2Fwp%2Fv2%2Fmedia&parent=64"}],"curies":[{"name":"wp","href":"https:\/\/api.w.org\/{rel}","templated":true}]}}